0*z + 646. What is the tens digit of z?
2
Suppose 2*i + 2*z - 2654 = z, 0 = -5*z. What is the units digit of 132/(-88) + i/2?
2
Suppose 4*n - 5*n = -1, n - 19 = -3*u. Let r = 18 + -18. Suppose r = b + u*b - 49. What is the units digit of b?
7
What is the thousands digit of (-748)/340*(-1 - 2514)?
5
Let h = -21 - -23. Suppose 20 = 3*z + h*z. Suppose -z*j = -46 - 246. What is the tens digit of j?
7
Suppose -b + 592 = 3*j, -j = -4*j + 4*b + 617. Suppose 3*w - 2*r = -322, -178*w + 176*w + 4*r = 204. Let y = j + w. What is the tens digit of y?
8
Let d = -276 + 275. Suppose 0 = -n + 6*n - 10. What is the units digit of 2 + d/(n + 351/(-174))?
0
Let y = -301 - 140. Let g = y + 723. What is the hundreds digit of g?
2
Let y(x) = 4*x**3 - 32*x**2 - 24*x + 9. What is the thousands digit of y(11)?
1
Let t(x) = 3*x**2 - 41*x - 111. Let l(g) = -g**2 + 14*g + 37. Let n(b) = -7*l(b) - 2*t(b). What is the units digit of n(-20)?
3
Suppose -2*c + 9*c = 10829. Suppose -4*w - h = -5*w + 509, -3*w = h - c. What is the tens digit of w/6 - (-12)/36?
8
Let s(w) = 12657*w + 945. What is the thousands digit of s(3)?
8
Let r(f) = -3*f**3 - f. Let z be (-88)/104 - 2/13. Let a be r(z). Suppose -5*x = 15, -a*d - 3*x = d - 811. What is the hundreds digit of d?
1
Let k(v) = v**2 - 2*v - 20. Let o(f) = -f**3 + 18*f**2 - 18. Let n be o(18). What is the units digit of k(n)?
0
Let p = 314 + 17. Let h = p + -14. What is the tens digit of h?
1
Let w be (-16)/(-80) + 62/(-10). Let f(j) = -2*j**2 - 12*j - 3. Let l be f(w). What is the units digit of -19*((-4 - l) + -4)?
5
Let h = 25649 - 13132. What is the hundreds digit of h?
5
Let m = 3488 - 5184. Let p = -1129 - m. Let w = p - 336. What is the tens digit of w?
3
Suppose 220 = -6*p + 718. Suppose -107 - p = -10*x. Suppose -x*c + 392 = -17*c. What is the hundreds digit of c?
1
Let p be ((-6)/(-8))/(39/6344). Let k = p - -12. What is the hundreds digit of k?
1
Let t be 42/(-4)*(-52)/39. Suppose -6 = -4*u + t, -5*u + 35 = 5*a. What is the units digit of (-5)/((-45)/(-6))*(-561)/a?
7
Let r(f) = -13*f**2 + 3 + 30*f**2 + 77*f**2 + 116*f**2 - 7*f**2. What is the tens digit of r(-2)?
1
Let w be (141/(-188))/(2*3/24). Let j(h) = -38*h + 2 - h + 9. What is the units digit of j(w)?
8
Suppose 2*w - 106924 = 5*z, -3*w - 22*z + 160350 = -25*z. What is the units digit of w?
2
Suppose 0 = 15*s - 7*s - 32. Suppose s*m - 480 = 4*v, -2*m = 3*m + 3*v - 592. Let u = m + -57. What is the units digit of u?
2
Suppose 9*g - 4*w + 153003 = 14*g, -122415 = -4*g + w. What is the thousands digit of g?
0
Let a = 8 + -3. Suppose -a*z + 1510 = -680. Suppose 4*s + 4*u = -s + 414, -2*u = -5*s + z. What is the tens digit of s?
8
Let s(r) = -r**2 - 16*r + 59. Let g be s(-19). Let h(i) = 527*i + 9. What is the units digit of h(g)?
3
Let q = -33 + 65. Let y = q - 50. What is the tens digit of ((2 - 0) + y)*27/(-3)?
4
Suppose 0 = -5*i + 2*r + 118117, -4*i + 94491 = -519*r + 520*r. What is the units digit of i?
3
Let v = 22 - 6. Let k(a) be the third derivative of -a**6/120 + 17*a**5/60 - a**4/3 - 17*a**3/6 - 19*a**2 + 6*a. What is the hundreds digit of k(v)?
1
Let t be 0/(2/5*5). Suppose t = -5*q - 0*x + 2*x - 226, q + 50 = -2*x. Let w = q + 115. What is the tens digit of w?
6
Let n(j) = 4*j**2 - 13*j - 7. Let x(z) = -z**3 + 3*z**2 - 15*z - 7. Let r(a) = 4*n(a) - 3*x(a). What is the hundreds digit of r(5)?
5
Suppose -2*t - 15 = -8*c + 13*c, 0 = 4*t - 3*c + 69. What is the hundreds digit of t/(125/(-31) + 4)?
4
Let z(k) = 24160*k**3 + 3*k**2 - 27*k + 25. What is the tens digit of z(1)?
6
Let f = 23818 - -11901. What is the units digit of f?
9
Suppose 13*y + 160 = 3*y. What is the tens digit of (1 + (-376)/y)*(1 + 1)?
4
Suppose -94*d + 616189 = -2610931 + 855500. What is the tens digit of d?
3
Suppose 14*g = 13*g - 4*j + 538, -3*g = -j - 1614. What is the tens digit of g?
3
Let u be 1/(-3) + 680/24. Let b = 33 - u. What is the tens digit of (4 + 1)/b - -27?
2
Suppose 4*h = -3*a + 12 + 8, 0 = -2*h - 4*a + 10. Suppose -h*k = 3*s - 20, 2*s + 16 = 4*s + 4*k. What is the tens digit of (7 + s)*(15 - 1)?
9
Let o = -109 + -65. Let k(w) = -74*w - 315. Let y be k(-8). Let b = y + o. What is the units digit of b?
3
Suppose 4*x = 6*x. Suppose -19*p + 8758 + 1578 = 0. Suppose x = -3*w - w + p. What is the tens digit of w?
3
Let u(a) = -162*a + 2. Let j be u(-1). Let p(w) = 2*w**3 + 4*w**2 - 2. Let m be p(3). Let t = j - m. What is the tens digit of t?
7
Let w(x) be the second derivative of 11*x**3/6 - 3*x**2/2 - 15*x. Let n be w(6). Let j = 78 - n. What is the tens digit of j?
1
Let s = 10144 + -6152. What is the thousands digit of s?
3
Let q = 1436 - 1006. Let h = q + -276. Let c = -88 + h. What is the tens digit of c?
6
Let m = 12235 - 4226. What is the thousands digit of m?
8
Suppose -43*q - 3708516 = -239*q. What is the tens digit of q?
2
Let p(v) be the third derivative of -8/3*v**3 + 7/60*v**5 - 5/6*v**4 + v**2 + 0*v + 0 + 1/120*v**6. What is the tens digit of p(-8)?
8
Suppose -1525 = 766*a - 771*a. Suppose -3*y + 2*g = -a, -5*y - 59 + 564 = -5*g. What is the hundreds digit of y?
1
Let o = -10679 + 12492. What is the hundreds digit of o?
8
What is the hundreds digit of (-417933)/(-45) - (140/1575)/(2/9)?
2
Let i(k) be the first derivative of -20*k**2 - 67*k + 23. What is the hundreds digit of i(-6)?
1
Let r be (796/10*5)/(0 - -1). What is the hundreds digit of (0 - -1)/(-1) + r?
3
Let o = 370 - 230. Suppose 0*y + 2*y = o. What is the tens digit of y?
7
Let r be 163/4 - 1/(-4). Suppose -r*n + 46*n = -25. What is the tens digit of (6 + (1 - -1))*n/(-2)?
2
Let q(f) be the first derivative of 25*f**3/3 + 2*f**2 + 6*f - 1. Suppose 2*l + 1 = 3*t + 3, -t = 2. What is the tens digit of q(l)?
9
Let b = -409 - -607. Suppose -2*r = -5*i - 281, 2*r + 5*i = b + 133. Let q = r - 68. What is the tens digit of q?
8
Let q(i) = -2*i**3 - 32*i**2 - 126*i - 7. What is the hundreds digit of q(-18)?
5
Suppose -3*o = 7*h - 2*h - 7841, -3*h + 4722 = -4*o. What is the hundreds digit of h?
5
Suppose 0 = 16*g - 13*g + 6. What is the tens digit of g/(-10) + (-17090)/(-50) + -10?
3
Let b(j) = -2*j**2 - j + 3. Let w be b(0). What is the tens digit of (4/w)/(64/672)?
1
Let k = -54491 - -80487. What is the tens digit of k?
9
Suppose 21*h + 32 + 136 = 0. What is the thousands digit of h + (0 - -22*62)?
1
Suppose 9*a - 83398 - 18655 - 95893 = 0. What is the tens digit of a?
9
What is the thousands digit of (-699574)/(-21) - 174/3654?
3
Suppose 3*o - 114526 = 5*v - 21624, -4*o + 123904 = 2*v. What is the ten thousands digit of o?
3
Let h(w) = -w**2 - 11*w + 11. Let z be h(-12). What is the tens digit of 160 + (z/(2 - 3) - 1)?
6
Let x be 128 + -1*(-5 + 9). Let p = x + 274. What is the hundreds digit of p?
3
Let o(s) = 380*s**2 + 18*s - 67. What is the units digit of o(3)?
7
Suppose g - 83682 = -3*m, -67*m = -67*m - g. What is the thousands digit of m?
7
What is the tens digit of ((-18403)/220*-5)/((-142)/48 + 3)?
3
Suppose 8*q - 3*n - 35205 = 4*q, 0 = 4*n - 20. Suppose 0 = 102*r - 117*r + q. What is the tens digit of r?
8
Let r = 416 - -37. Suppose 2*n - r = k, -4*n + 662 = -4*k - 250. What is the units digit of n?
5
What is the tens digit of (-11 + (-1943)/(-5))/((-4)/(-210))?
2
Let b(p) = p + 25. Let g be b(-22). Let j = 9 - 6. Suppose -g*h = -2*h - j*r - 17, -4*h + 5*r + 75 = 0. What is the tens digit of h?
2
Let f(j) = -67*j - 24. Let g(m) = m**2 + 13*m + 39. Let d be g(-6). Let y be f(d). Let v = y - 98. What is the units digit of v?
9
Suppose -3*i = -2*b + 12, 4*b + 2*i = 7 + 17. Suppose 0 = -28*g + 24*g + 3*h - 97, 150 = -5*g - 2*h. What is the tens digit of 3*18/(-4)*g/b?
6
Let w(h) = -8*h**3 + h**2 + 1. Let i be w(-2). Let x be i*1/(3/(-2)). Let t = x - -80. What is the tens digit of t?
3
Let l = 8004 + -4050. What is the tens digit of l?
5
Let u be ((-315)/140)/(3/(-8)). What is the hundreds digit of u/10 + 10*(-8780)/(-125)?
7
Suppose h - 58652 = -k, -21*k - 5*h = -22*k + 58598. What is the hundreds digit of k?
6
Suppose 3*v + 14 = -5*d, 5*d + 10 + 6 = -2*v. Suppose -v*j = -154 + 36. Suppose -4*w + j = -185. What is the tens digit of w?
6
Suppose -5*r + 42 = r. Suppose -5*p = -2*g - r, -3*g + g = 2*p - 14. Suppose 2*x + 197 = p*i - 3*x, 0 = 4*i + 4*x - 316. What is the tens digit of i?
7
Let f(n) =